{"id":2710,"date":"2023-11-07T11:40:32","date_gmt":"2023-11-07T10:40:32","guid":{"rendered":"https:\/\/procivitas.se\/helsingborg\/?page_id=2710"},"modified":"2025-06-23T09:50:47","modified_gmt":"2025-06-23T07:50:47","slug":"byta-till-oss","status":"publish","type":"page","link":"https:\/\/procivitas.se\/helsingborg\/byta-till-oss\/","title":{"rendered":"Byta till oss"},"content":{"rendered":"\n\t\n\t\n\t\n\n\t\n\t\n\t\t\n<section  class=\"c-block l-stacked  \" data-color-scheme=\"white\">\n\t<div class=\"ams-fifty ams-fifty--container ams-fifty--right ams-fifty--bottom l-container u-pt-fluid-3xl-6xl u-pb-fluid-3xl-6xl\">\n\t\t<div class=\"ams-fifty__content l-stack l-stack-xl is-left is-left@lg\">\n\t\t\t<div class=\"ams-fifty__text l-stack l-stack-lg\">\n\t\t\t\t\t\n\t<h1\n\tclass=\"c-heading u-font-title-1 \"\n\tstyle=\"\">\n\t\t\n\t\t\t\t\tVill du byta till ProCivitas Helsingborg?\n\t\t\t\t\n\t<\/h1>\n\n\t\t\t\t\t\t\t\t\t<div class=\"text l-stack u-font-body\">\n\t\t\t\t\t\t<p class=\"p1\">Vad roligt att du \u00e4r intresserad av v\u00e5r skola! Vi tar emot elever i den m\u00e5n att det finns plats p\u00e5 skolan och att det g\u00e5r att g\u00f6ra ett byte beroende p\u00e5 vilket program och inriktning du l\u00e4ser idag. F\u00f6r byten i \u00e5rskurs 1\u00a0f\u00f6re den 15 September h\u00e4nvisar vi till kommunens antagningsenhet. Vi vill s\u00e5klart hj\u00e4lpa dig men kan inte garantera en plats eller att bytet \u00e4r m\u00f6jligt.<\/p>\n<p class=\"p1\"><b>N\u00e4r blir jag kontaktad? <\/b>Vi har tyv\u00e4rr inte m\u00f6jlighet att svara p\u00e5 alla bytesf\u00f6rfr\u00e5gningar men vi sparar din anm\u00e4lan och kontaktar dig om vi har m\u00f6jlighet att erbjuda dig en plats.<\/p>\n\n\t\t\t\t\t<\/div>\n\t\t\t\t\t\t\t<\/div>\n\n\t\t\t\t<div class=\"ams-fifty__action u-inline-items\">\n\t\t\t\t\t\t\t\n\n\n<a href=\"https:\/\/docs.google.com\/forms\/d\/1jx7rr5jzm0xzJaFA19rojRmPaPjG0_jHixq2XMUDtt4\/edit?ts=65042697\"\n\t\n\tclass=\"c-btn \"\n\tdata-style=\"rounded\"\n\tdata-size=\"md\"\n\tdata-width=\"full-mobile\"\n\tdata-variant=\"default\"\n\ttarget=\"_blank\">\n\t\t\t<span class=\"label\"> Fyll i formul\u00e4ret h\u00e4r<\/span>\n\t\t\t<\/a>\n\t\t\t<\/div>\n\t\t<\/div>\n\n\t\t <div class=\"ams-fifty__media u-ratio-landscape\">\n\t\t \t\t\t\t\t<img decoding=\"async\" width=\"600\" height=\"900\" src=\"https:\/\/procivitas.se\/wp-content\/uploads\/sites\/3\/2025\/06\/prohelsingborgfotografering202503-202903webb112-600x900.jpg\" class=\"attachment-md size-md\" alt=\"5 glada elever fr\u00e5n ProCivitas Helsingborg.\" sizes=\"(min-width: 64em) 600px, calc(100vw - 160px)\" srcset=\"https:\/\/procivitas.se\/wp-content\/uploads\/sites\/3\/2025\/06\/prohelsingborgfotografering202503-202903webb112-600x900.jpg 600w, https:\/\/procivitas.se\/wp-content\/uploads\/sites\/3\/2025\/06\/prohelsingborgfotografering202503-202903webb112-300x450.jpg 300w, https:\/\/procivitas.se\/wp-content\/uploads\/sites\/3\/2025\/06\/prohelsingborgfotografering202503-202903webb112-400x600.jpg 400w, https:\/\/procivitas.se\/wp-content\/uploads\/sites\/3\/2025\/06\/prohelsingborgfotografering202503-202903webb112.jpg 800w\" \/>\n\t\t\t\n\t\t\t\n\t\t\t\t\t<\/div>\n\t<\/div>\n\n\t\t\n\n<\/section>\n","protected":false},"excerpt":{"rendered":"","protected":false},"author":10,"featured_media":0,"parent":0,"menu_order":0,"comment_status":"closed","ping_status":"closed","template":"","meta":{"footnotes":""},"yoast_head":"<!-- This site is optimized with the Yoast SEO plugin v22.0 - https:\/\/yoast.com\/wordpress\/plugins\/seo\/ -->\n<title>Byta till oss - ProCivtas Helsingborg<\/title>\n<meta name=\"description\" content=\"Vi tar emot elever i m\u00e5n att det finns plats och att det g\u00e5r att g\u00f6ra ett byte beroende p\u00e5 vilket program och inriktning du l\u00e4ser idag.\" \/>\n<meta name=\"robots\" content=\"index, follow, max-snippet:-1, max-image-preview:large, max-video-preview:-1\" \/>\n<link rel=\"canonical\" href=\"https:\/\/procivitas.se\/helsingborg\/byta-till-oss\/\" \/>\n<meta property=\"og:locale\" content=\"sv_SE\" \/>\n<meta property=\"og:type\" content=\"article\" \/>\n<meta property=\"og:title\" content=\"Byta till oss - ProCivtas Helsingborg\" \/>\n<meta property=\"og:description\" content=\"Vi tar emot elever i m\u00e5n att det finns plats och att det g\u00e5r att g\u00f6ra ett byte beroende p\u00e5 vilket program och inriktning du l\u00e4ser idag.\" \/>\n<meta property=\"og:url\" content=\"https:\/\/procivitas.se\/helsingborg\/byta-till-oss\/\" \/>\n<meta property=\"og:site_name\" content=\"Helsingborg\" \/>\n<meta property=\"article:modified_time\" content=\"2025-06-23T07:50:47+00:00\" \/>\n<meta name=\"twitter:card\" content=\"summary_large_image\" \/>\n<meta name=\"twitter:title\" content=\"Byta till oss - ProCivtas Helsingborg\" \/>\n<meta name=\"twitter:description\" content=\"Vi tar emot elever i m\u00e5n att det finns plats och att det g\u00e5r att g\u00f6ra ett byte beroende p\u00e5 vilket program och inriktning du l\u00e4ser idag.\" \/>\n<meta name=\"twitter:label1\" content=\"Est. reading time\" \/>\n\t<meta name=\"twitter:data1\" content=\"1 minut\" \/>\n<script type=\"application\/ld+json\" class=\"yoast-schema-graph\">{\"@context\":\"https:\/\/schema.org\",\"@graph\":[{\"@type\":\"WebPage\",\"@id\":\"https:\/\/procivitas.se\/helsingborg\/byta-till-oss\/\",\"url\":\"https:\/\/procivitas.se\/helsingborg\/byta-till-oss\/\",\"name\":\"Byta till oss - ProCivtas Helsingborg\",\"isPartOf\":{\"@id\":\"https:\/\/procivitas.se\/helsingborg\/#website\"},\"datePublished\":\"2023-11-07T10:40:32+00:00\",\"dateModified\":\"2025-06-23T07:50:47+00:00\",\"description\":\"Vi tar emot elever i m\u00e5n att det finns plats och att det g\u00e5r att g\u00f6ra ett byte beroende p\u00e5 vilket program och inriktning du l\u00e4ser idag.\",\"breadcrumb\":{\"@id\":\"https:\/\/procivitas.se\/helsingborg\/byta-till-oss\/#breadcrumb\"},\"inLanguage\":\"sv-SE\",\"potentialAction\":[{\"@type\":\"ReadAction\",\"target\":[\"https:\/\/procivitas.se\/helsingborg\/byta-till-oss\/\"]}]},{\"@type\":\"BreadcrumbList\",\"@id\":\"https:\/\/procivitas.se\/helsingborg\/byta-till-oss\/#breadcrumb\",\"itemListElement\":[{\"@type\":\"ListItem\",\"position\":1,\"name\":\"Start\",\"item\":\"https:\/\/procivitas.se\/helsingborg\/\"},{\"@type\":\"ListItem\",\"position\":2,\"name\":\"Byta till oss\"}]},{\"@type\":\"WebSite\",\"@id\":\"https:\/\/procivitas.se\/helsingborg\/#website\",\"url\":\"https:\/\/procivitas.se\/helsingborg\/\",\"name\":\"Helsingborg\",\"description\":\"Just another WordPress site\",\"potentialAction\":[{\"@type\":\"SearchAction\",\"target\":{\"@type\":\"EntryPoint\",\"urlTemplate\":\"https:\/\/procivitas.se\/helsingborg\/?s={search_term_string}\"},\"query-input\":\"required name=search_term_string\"}],\"inLanguage\":\"sv-SE\"}]}<\/script>\n<!-- \/ Yoast SEO plugin. -->","yoast_head_json":{"title":"Byta till oss - ProCivtas Helsingborg","description":"Vi tar emot elever i m\u00e5n att det finns plats och att det g\u00e5r att g\u00f6ra ett byte beroende p\u00e5 vilket program och inriktning du l\u00e4ser idag.","robots":{"index":"index","follow":"follow","max-snippet":"max-snippet:-1","max-image-preview":"max-image-preview:large","max-video-preview":"max-video-preview:-1"},"canonical":"https:\/\/procivitas.se\/helsingborg\/byta-till-oss\/","og_locale":"sv_SE","og_type":"article","og_title":"Byta till oss - ProCivtas Helsingborg","og_description":"Vi tar emot elever i m\u00e5n att det finns plats och att det g\u00e5r att g\u00f6ra ett byte beroende p\u00e5 vilket program och inriktning du l\u00e4ser idag.","og_url":"https:\/\/procivitas.se\/helsingborg\/byta-till-oss\/","og_site_name":"Helsingborg","article_modified_time":"2025-06-23T07:50:47+00:00","twitter_card":"summary_large_image","twitter_title":"Byta till oss - ProCivtas Helsingborg","twitter_description":"Vi tar emot elever i m\u00e5n att det finns plats och att det g\u00e5r att g\u00f6ra ett byte beroende p\u00e5 vilket program och inriktning du l\u00e4ser idag.","twitter_misc":{"Est. reading time":"1 minut"},"schema":{"@context":"https:\/\/schema.org","@graph":[{"@type":"WebPage","@id":"https:\/\/procivitas.se\/helsingborg\/byta-till-oss\/","url":"https:\/\/procivitas.se\/helsingborg\/byta-till-oss\/","name":"Byta till oss - ProCivtas Helsingborg","isPartOf":{"@id":"https:\/\/procivitas.se\/helsingborg\/#website"},"datePublished":"2023-11-07T10:40:32+00:00","dateModified":"2025-06-23T07:50:47+00:00","description":"Vi tar emot elever i m\u00e5n att det finns plats och att det g\u00e5r att g\u00f6ra ett byte beroende p\u00e5 vilket program och inriktning du l\u00e4ser idag.","breadcrumb":{"@id":"https:\/\/procivitas.se\/helsingborg\/byta-till-oss\/#breadcrumb"},"inLanguage":"sv-SE","potentialAction":[{"@type":"ReadAction","target":["https:\/\/procivitas.se\/helsingborg\/byta-till-oss\/"]}]},{"@type":"BreadcrumbList","@id":"https:\/\/procivitas.se\/helsingborg\/byta-till-oss\/#breadcrumb","itemListElement":[{"@type":"ListItem","position":1,"name":"Start","item":"https:\/\/procivitas.se\/helsingborg\/"},{"@type":"ListItem","position":2,"name":"Byta till oss"}]},{"@type":"WebSite","@id":"https:\/\/procivitas.se\/helsingborg\/#website","url":"https:\/\/procivitas.se\/helsingborg\/","name":"Helsingborg","description":"Just another WordPress site","potentialAction":[{"@type":"SearchAction","target":{"@type":"EntryPoint","urlTemplate":"https:\/\/procivitas.se\/helsingborg\/?s={search_term_string}"},"query-input":"required name=search_term_string"}],"inLanguage":"sv-SE"}]}},"_links":{"self":[{"href":"https:\/\/procivitas.se\/helsingborg\/wp-json\/wp\/v2\/pages\/2710"}],"collection":[{"href":"https:\/\/procivitas.se\/helsingborg\/wp-json\/wp\/v2\/pages"}],"about":[{"href":"https:\/\/procivitas.se\/helsingborg\/wp-json\/wp\/v2\/types\/page"}],"author":[{"embeddable":true,"href":"https:\/\/procivitas.se\/helsingborg\/wp-json\/wp\/v2\/users\/10"}],"replies":[{"embeddable":true,"href":"https:\/\/procivitas.se\/helsingborg\/wp-json\/wp\/v2\/comments?post=2710"}],"version-history":[{"count":10,"href":"https:\/\/procivitas.se\/helsingborg\/wp-json\/wp\/v2\/pages\/2710\/revisions"}],"predecessor-version":[{"id":3545,"href":"https:\/\/procivitas.se\/helsingborg\/wp-json\/wp\/v2\/pages\/2710\/revisions\/3545"}],"wp:attachment":[{"href":"https:\/\/procivitas.se\/helsingborg\/wp-json\/wp\/v2\/media?parent=2710"}],"curies":[{"name":"wp","href":"https:\/\/api.w.org\/{rel}","templated":true}]}}