{"id":536,"date":"2023-03-10T09:58:32","date_gmt":"2023-03-10T08:58:32","guid":{"rendered":"https:\/\/procivitas.se\/stockholm\/?page_id=536"},"modified":"2026-04-20T15:12:05","modified_gmt":"2026-04-20T13:12:05","slug":"skuggning","status":"publish","type":"page","link":"https:\/\/procivitas.se\/stockholm\/skuggning\/","title":{"rendered":"Skuggning"},"content":{"rendered":"\n\n<section  class=\"ams-cta ams-cta--stacked c-block l-stacked\" data-color-scheme=\"hero\">\n\t<div class=\"l-container l-stack l-stack-fluid-2xl u-pt-fluid-2xl-4xl u-pb-fluid-2xl-4xl is-center is-center@md\">\n\t\t\t\t\t<div class=\"ams-cta__intro l-stack l-stack-lg\">\n\t\t\t\t\t\n\t<h1\n\tclass=\"c-heading u-font-title-1 \"\n\tstyle=\"\">\n\t\t\n\t\t\t\t\tSkuggning p\u00e5 ProCivitas Stockholm\n\t\t\t\t\n\t<\/h1>\n\n\t\t\t\t\t\t\t\t\t<div class=\"c-text l-stack u-cs-xl u-font-body\">\n\t\t\t\t\t\t<p>Vad roligt att du \u00e4r intresserad av att skugga en elev p\u00e5 ProCivitas Stockholm. Genom att f\u00f6lja med under en skoldag ser du om vi \u00e4r r\u00e4tt skola f\u00f6r dig!<\/p>\n\n\t\t\t\t\t<\/div>\n\t\t\t\t\t\t\t<\/div>\n\t\t\n\t\t\n\t\t\t<\/div>\n\n\t\t\n\n<\/section>\n\n\n\n\t\n\t\n\t\n\t\n\t\n\t\n\t\t\n\t\t\n<section  class=\"ams-hero ams-hero--fifty ams-hero--100 ams-hero--container c-block l-stacked  \" data-color-scheme=\"\">\n\t<div class=\"ams-hero__container media-left media-bottom l-container u-pt-fluid-3xl-6xl u-pb-fluid-3xl-6xl\">\n\t\t<div class=\"ams-hero__content l-stack l-stack-xl is-left is-left@lg\">\n\t\t\t<div class=\"l-stack l-stack-lg\">\n\t\t\t\t\t\n\t<h2\n\tclass=\"c-heading u-font-title-1 \"\n\tstyle=\"\">\n\t\t<span>\n\t\t\t\t\tSkugga f\u00f6r en dag\n\t\t\t\t<\/span>\n\t<\/h2>\n\n\t\t\t\t\t\t\t\t\t<div class=\"text l-stack u-font-body\">\n\t\t\t\t\t\t<p><b>Just nu har vi inga planerade skuggningstillf\u00e4llen<\/b>. Men du \u00e4r alltid v\u00e4lkommen p\u00e5 \u00d6ppet hus eller kontakta oss!<\/p>\n<p>Under en Skuggning f\u00e5r du chansen att f\u00f6lja en klass under en skoldag, uppleva st\u00e4mningen p\u00e5 v\u00e5r skola, tr\u00e4ffa elever, l\u00e4rare och st\u00e4lla alla dina fr\u00e5gor. Platserna \u00e4r begr\u00e4nsade och g\u00e4ller f\u00f6rst till kvarn. Du bokar din plats i formul\u00e4ret p\u00e5 denna sida.<\/p>\n<p>Har du n\u00e5gra fr\u00e5gor? Ring oss p\u00e5 tel: <a href=\"tel:0722331618\">072-233 16 18<\/a> eller mejla: <a href=\"mailto:terese.brandt@procivitas.se\">terese.brandt@procivitas.se<\/a><\/p>\n\n\t\t\t\t\t<\/div>\n\t\t\t\t\t\t\t<\/div>\n\n\t\t\t\t\t<\/div>\n\t\t<div class=\"ams-hero__media u-ratio-square \">\n\n\t\t\t\t\t\t\t\t\t\t\t\t<img decoding=\"async\" width=\"600\" height=\"400\" src=\"https:\/\/procivitas.se\/wp-content\/uploads\/sites\/7\/2023\/10\/platshallarbildpro-600x400.jpeg\" class=\"attachment-md size-md\" alt=\"Elever i ett klassrum\" sizes=\"(min-width: 64em) 600px, calc(100vw - 160px)\" srcset=\"https:\/\/procivitas.se\/wp-content\/uploads\/sites\/7\/2023\/10\/platshallarbildpro-600x400.jpeg 600w, https:\/\/procivitas.se\/wp-content\/uploads\/sites\/7\/2023\/10\/platshallarbildpro-300x200.jpeg 300w, https:\/\/procivitas.se\/wp-content\/uploads\/sites\/7\/2023\/10\/platshallarbildpro-400x267.jpeg 400w, https:\/\/procivitas.se\/wp-content\/uploads\/sites\/7\/2023\/10\/platshallarbildpro-800x533.jpeg 800w, https:\/\/procivitas.se\/wp-content\/uploads\/sites\/7\/2023\/10\/platshallarbildpro-1024x682.jpeg 1024w, https:\/\/procivitas.se\/wp-content\/uploads\/sites\/7\/2023\/10\/platshallarbildpro-1200x800.jpeg 1200w, https:\/\/procivitas.se\/wp-content\/uploads\/sites\/7\/2023\/10\/platshallarbildpro.jpeg 1280w\" \/>\n\t\t\t\t\t\t\t\n\t\t\t\n\t\t\t\t\t<\/div>\n\t<\/div>\n\n\t\n\n<\/section>\n\n\n\n\t\n\t\n<section  class=\"ams-map ams-map--fifty c-block  media-bottom media-right \" data-color-scheme=\"map\" data-locations=\"[{&quot;id&quot;:&quot;2151&quot;,&quot;county&quot;:&quot;Stockholms l\\u00e4n&quot;,&quot;city&quot;:&quot;Stockholms stad&quot;,&quot;school&quot;:&quot;Stockholm&quot;,&quot;title&quot;:&quot;ProCivitas Stockholm&quot;,&quot;phone&quot;:&quot;0722049526&quot;,&quot;phone_formatted&quot;:&quot;072-2049526&quot;,&quot;email&quot;:&quot;stockholm@procivitas.se&quot;,&quot;visiting_address&quot;:{&quot;address&quot;:&quot;Tullg\\u00e5rdsgatan 12&quot;,&quot;zip_code&quot;:&quot;116 68&quot;,&quot;city&quot;:&quot;Stockholm&quot;},&quot;postal_address&quot;:{&quot;address&quot;:&quot;Tullg\\u00e5rdsgatan 12&quot;,&quot;zip_code&quot;:&quot;116 68&quot;,&quot;city&quot;:&quot;Stockholm&quot;},&quot;address_map&quot;:&quot;Tullg\\u00e5rdsgatan 12, Stockholm, Sverige&quot;,&quot;lat&quot;:59.30577410000001,&quot;lng&quot;:18.0860384,&quot;link&quot;:{&quot;url&quot;:&quot;https:\\\/\\\/procivitas.se\\\/stockholm\\\/&quot;,&quot;text&quot;:&quot;L\\u00e4s mer om skolan&quot;}}]\">\n\t<div class=\"ams-map__content u-pt-fluid-3xl-6xl u-pb-fluid-3xl-6xl l-stack l-stack-fluid-xl is-left is-left@lg\">\n\t\t\t\n\t<h2\n\tclass=\"c-heading u-font-title-1 \"\n\tstyle=\"\">\n\t\t\n\t\t\t\t\tStockholm \n\t\t\t\t\n\t<\/h2>\n\n\t\t\n\t\t\t\t\t<div class=\"contact-info l-stack\">\n\t\t\t\t\t\t\t\t\t<div class=\"contact-info__item\">\n\t\t\t\t\t\t<p class=\"contact-info__heading u-font-title-4\">\n\t\t\t\t\t\t\tAdress\n\t\t\t\t\t\t<\/p>\n\t\t\t\t\t\t<p>\n\t\t\t\t\t\t\t\t\t\t\t\t\t\t\tTullg\u00e5rdsgatan 12<br \/>\n\t\t\t\t\t\t\t\t\t\t\t\t\t\t116 68 Stockholm\n\t\t\t\t\t\t<\/p>\n\t\t\t\t\t<\/div>\n\t\t\t\t\n\t\t\t\t\n\t\t\t\t\t\t\t\t\t<div class=\"contact-info__item\">\n\t\t\t\t\t\t<p class=\"contact-info__heading u-font-title-4\">\n\t\t\t\t\t\t\tKontakt \n\t\t\t\t\t\t<\/p>\n\t\t\t\t\t\t<p>\n\t\t\t\t\t\t\t\t\t\t\t\t\t\t\t<a href=\"tel:0722049526\">072-2049526<\/a><br \/>\n\t\t\t\t\t\t\t\t\t\t\t\t\t\t\t\t\t\t\t\t\t\t<a href=\"mailto:stockholm@procivitas.se\">stockholm@procivitas.se<\/a>\n\t\t\t\t\t\t\t\t\t\t\t\t\t<\/p>\n\t\t\t\t\t<\/div>\n\t\t\t\t\t\t\t<\/div>\n\t\t\t<\/div>\n\n\t<div class=\"ams-map__media\">\n\t<\/div>\n<\/section>\n\n\n\n\n<section  class=\"ams-cta ams-cta--inline c-block l-stacked\" data-color-scheme=\"blue\">\n\t<div class=\"l-container l-stack l-stack-fluid-2xl u-pt-fluid-3xl-6xl u-pb-fluid-3xl-6xl is-left is-left@md\">\n\t\t\t\t\t<div class=\"ams-cta__intro l-stack l-stack-lg\">\n\t\t\t\t\t\n\t<h2\n\tclass=\"c-heading u-font-title-1 \"\n\tstyle=\"\">\n\t\t\n\t\t\t\t\tBes\u00f6k oss\n\t\t\t\t\n\t<\/h2>\n\n\t\t\t\t\t\t\t\t\t<div class=\"c-text l-stack u-cs-xl u-font-preamble\">\n\t\t\t\t\t\t<p>Vill du uppleva ProCivitas p\u00e5 riktigt? Kolla in v\u00e5ra \u00d6ppet hus tillf\u00e4llen och tr\u00e4ffa b\u00e5de elever och l\u00e4rare fr\u00e5n skolan. Passa p\u00e5 och f\u00e5 svar p\u00e5 alla dina fr\u00e5gor!<\/p>\n\n\t\t\t\t\t<\/div>\n\t\t\t\t\t\t\t<\/div>\n\t\t\n\t\t\n\t\t\t<div class=\"ams-cta__action u-inline-items\">\n\t\t\t\t\t\t\t\n\n\n<a href=\"https:\/\/procivitas.se\/stockholm\/oppet-hus\/\"\n\t\n\tclass=\"c-btn \"\n\tdata-style=\"rounded\"\n\tdata-size=\"md\"\n\tdata-width=\"full-mobile\"\n\tdata-variant=\"default\"\n\ttarget=\"_self\">\n\t\t\t<span class=\"label\"> Bes\u00f6k \u00d6ppet hus <\/span>\n\t\t\t<\/a>\n\t\t\t\t\t\t\t\n\n\n<a href=\"https:\/\/procivitas.se\/stockholm\/vanliga-fragor\/\"\n\t\n\tclass=\"c-btn \"\n\tdata-style=\"rounded\"\n\tdata-size=\"md\"\n\tdata-width=\"full-mobile\"\n\tdata-variant=\"outline\"\n\ttarget=\"_self\">\n\t\t\t<span class=\"label\"> Vanliga fr\u00e5gor<\/span>\n\t\t\t<\/a>\n\t\t\t<\/div>\n\t<\/div>\n\n\t\t\n\n<\/section>\n","protected":false},"excerpt":{"rendered":"","protected":false},"author":5,"featured_media":0,"parent":0,"menu_order":0,"comment_status":"closed","ping_status":"closed","template":"","meta":{"footnotes":""},"yoast_head":"<!-- This site is optimized with the Yoast SEO plugin v22.0 - https:\/\/yoast.com\/wordpress\/plugins\/seo\/ -->\n<title>Skuggning - ProCivitas GymnasiumStockholm<\/title>\n<meta name=\"description\" content=\"Ta chansen att f\u00f6lja en klass under en skoldag. Upplev st\u00e4mningen p\u00e5 v\u00e5r skola, tr\u00e4ffa elever, l\u00e4rare och st\u00e4ll alla dina fr\u00e5gor!rrr\" \/>\n<meta name=\"robots\" content=\"index, follow, max-snippet:-1, max-image-preview:large, max-video-preview:-1\" \/>\n<link rel=\"canonical\" href=\"https:\/\/procivitas.se\/stockholm\/skuggning\/\" \/>\n<meta property=\"og:locale\" content=\"sv_SE\" \/>\n<meta property=\"og:type\" content=\"article\" \/>\n<meta property=\"og:title\" content=\"Skuggning - ProCivitas GymnasiumStockholm\" \/>\n<meta property=\"og:description\" content=\"Ta chansen att f\u00f6lja en klass under en skoldag. Upplev st\u00e4mningen p\u00e5 v\u00e5r skola, tr\u00e4ffa elever, l\u00e4rare och st\u00e4ll alla dina fr\u00e5gor!rrr\" \/>\n<meta property=\"og:url\" content=\"https:\/\/procivitas.se\/stockholm\/skuggning\/\" \/>\n<meta property=\"og:site_name\" content=\"Stockholm\" \/>\n<meta property=\"article:modified_time\" content=\"2026-04-20T13:12:05+00:00\" \/>\n<meta name=\"twitter:card\" content=\"summary_large_image\" \/>\n<meta name=\"twitter:title\" content=\"Skuggning - ProCivitas GymnasiumStockholm\" \/>\n<meta name=\"twitter:description\" content=\"Ta chansen att f\u00f6lja en klass under en skoldag. Upplev st\u00e4mningen p\u00e5 v\u00e5r skola, tr\u00e4ffa elever, l\u00e4rare och st\u00e4ll alla dina fr\u00e5gor!rrr\" \/>\n<meta name=\"twitter:label1\" content=\"Est. reading time\" \/>\n\t<meta name=\"twitter:data1\" content=\"1 minut\" \/>\n<script type=\"application\/ld+json\" class=\"yoast-schema-graph\">{\"@context\":\"https:\/\/schema.org\",\"@graph\":[{\"@type\":\"WebPage\",\"@id\":\"https:\/\/procivitas.se\/stockholm\/skuggning\/\",\"url\":\"https:\/\/procivitas.se\/stockholm\/skuggning\/\",\"name\":\"Skuggning - ProCivitas GymnasiumStockholm\",\"isPartOf\":{\"@id\":\"https:\/\/procivitas.se\/stockholm\/#website\"},\"datePublished\":\"2023-03-10T08:58:32+00:00\",\"dateModified\":\"2026-04-20T13:12:05+00:00\",\"description\":\"Ta chansen att f\u00f6lja en klass under en skoldag. Upplev st\u00e4mningen p\u00e5 v\u00e5r skola, tr\u00e4ffa elever, l\u00e4rare och st\u00e4ll alla dina fr\u00e5gor!rrr\",\"breadcrumb\":{\"@id\":\"https:\/\/procivitas.se\/stockholm\/skuggning\/#breadcrumb\"},\"inLanguage\":\"sv-SE\",\"potentialAction\":[{\"@type\":\"ReadAction\",\"target\":[\"https:\/\/procivitas.se\/stockholm\/skuggning\/\"]}]},{\"@type\":\"BreadcrumbList\",\"@id\":\"https:\/\/procivitas.se\/stockholm\/skuggning\/#breadcrumb\",\"itemListElement\":[{\"@type\":\"ListItem\",\"position\":1,\"name\":\"Start\",\"item\":\"https:\/\/procivitas.se\/stockholm\/\"},{\"@type\":\"ListItem\",\"position\":2,\"name\":\"Skuggning\"}]},{\"@type\":\"WebSite\",\"@id\":\"https:\/\/procivitas.se\/stockholm\/#website\",\"url\":\"https:\/\/procivitas.se\/stockholm\/\",\"name\":\"Stockholm\",\"description\":\"Just another WordPress site\",\"potentialAction\":[{\"@type\":\"SearchAction\",\"target\":{\"@type\":\"EntryPoint\",\"urlTemplate\":\"https:\/\/procivitas.se\/stockholm\/?s={search_term_string}\"},\"query-input\":\"required name=search_term_string\"}],\"inLanguage\":\"sv-SE\"}]}<\/script>\n<!-- \/ Yoast SEO plugin. -->","yoast_head_json":{"title":"Skuggning - ProCivitas GymnasiumStockholm","description":"Ta chansen att f\u00f6lja en klass under en skoldag. Upplev st\u00e4mningen p\u00e5 v\u00e5r skola, tr\u00e4ffa elever, l\u00e4rare och st\u00e4ll alla dina fr\u00e5gor!rrr","robots":{"index":"index","follow":"follow","max-snippet":"max-snippet:-1","max-image-preview":"max-image-preview:large","max-video-preview":"max-video-preview:-1"},"canonical":"https:\/\/procivitas.se\/stockholm\/skuggning\/","og_locale":"sv_SE","og_type":"article","og_title":"Skuggning - ProCivitas GymnasiumStockholm","og_description":"Ta chansen att f\u00f6lja en klass under en skoldag. Upplev st\u00e4mningen p\u00e5 v\u00e5r skola, tr\u00e4ffa elever, l\u00e4rare och st\u00e4ll alla dina fr\u00e5gor!rrr","og_url":"https:\/\/procivitas.se\/stockholm\/skuggning\/","og_site_name":"Stockholm","article_modified_time":"2026-04-20T13:12:05+00:00","twitter_card":"summary_large_image","twitter_title":"Skuggning - ProCivitas GymnasiumStockholm","twitter_description":"Ta chansen att f\u00f6lja en klass under en skoldag. Upplev st\u00e4mningen p\u00e5 v\u00e5r skola, tr\u00e4ffa elever, l\u00e4rare och st\u00e4ll alla dina fr\u00e5gor!rrr","twitter_misc":{"Est. reading time":"1 minut"},"schema":{"@context":"https:\/\/schema.org","@graph":[{"@type":"WebPage","@id":"https:\/\/procivitas.se\/stockholm\/skuggning\/","url":"https:\/\/procivitas.se\/stockholm\/skuggning\/","name":"Skuggning - ProCivitas GymnasiumStockholm","isPartOf":{"@id":"https:\/\/procivitas.se\/stockholm\/#website"},"datePublished":"2023-03-10T08:58:32+00:00","dateModified":"2026-04-20T13:12:05+00:00","description":"Ta chansen att f\u00f6lja en klass under en skoldag. Upplev st\u00e4mningen p\u00e5 v\u00e5r skola, tr\u00e4ffa elever, l\u00e4rare och st\u00e4ll alla dina fr\u00e5gor!rrr","breadcrumb":{"@id":"https:\/\/procivitas.se\/stockholm\/skuggning\/#breadcrumb"},"inLanguage":"sv-SE","potentialAction":[{"@type":"ReadAction","target":["https:\/\/procivitas.se\/stockholm\/skuggning\/"]}]},{"@type":"BreadcrumbList","@id":"https:\/\/procivitas.se\/stockholm\/skuggning\/#breadcrumb","itemListElement":[{"@type":"ListItem","position":1,"name":"Start","item":"https:\/\/procivitas.se\/stockholm\/"},{"@type":"ListItem","position":2,"name":"Skuggning"}]},{"@type":"WebSite","@id":"https:\/\/procivitas.se\/stockholm\/#website","url":"https:\/\/procivitas.se\/stockholm\/","name":"Stockholm","description":"Just another WordPress site","potentialAction":[{"@type":"SearchAction","target":{"@type":"EntryPoint","urlTemplate":"https:\/\/procivitas.se\/stockholm\/?s={search_term_string}"},"query-input":"required name=search_term_string"}],"inLanguage":"sv-SE"}]}},"_links":{"self":[{"href":"https:\/\/procivitas.se\/stockholm\/wp-json\/wp\/v2\/pages\/536"}],"collection":[{"href":"https:\/\/procivitas.se\/stockholm\/wp-json\/wp\/v2\/pages"}],"about":[{"href":"https:\/\/procivitas.se\/stockholm\/wp-json\/wp\/v2\/types\/page"}],"author":[{"embeddable":true,"href":"https:\/\/procivitas.se\/stockholm\/wp-json\/wp\/v2\/users\/5"}],"replies":[{"embeddable":true,"href":"https:\/\/procivitas.se\/stockholm\/wp-json\/wp\/v2\/comments?post=536"}],"version-history":[{"count":9,"href":"https:\/\/procivitas.se\/stockholm\/wp-json\/wp\/v2\/pages\/536\/revisions"}],"predecessor-version":[{"id":3319,"href":"https:\/\/procivitas.se\/stockholm\/wp-json\/wp\/v2\/pages\/536\/revisions\/3319"}],"wp:attachment":[{"href":"https:\/\/procivitas.se\/stockholm\/wp-json\/wp\/v2\/media?parent=536"}],"curies":[{"name":"wp","href":"https:\/\/api.w.org\/{rel}","templated":true}]}}